True
Is 6682651 a multiple of 16?
False
Is 60 a factor of 146737320?
True
Does 141 divide 171051048?
True
Does 566 divide 181228106?
True
Is 901562141 a multiple of 1501?
True
Is 838175234 a multiple of 247?
True
Is 8 a factor of 62962018?
False
Does 4903 divide 2131956781?
True
Is 96195529 a multiple of 3?
False
Is 2079 a factor of 29931351?
False
Does 1228 divide 20837932?
True
Does 5312 divide 858316668?
False
Is 10 a factor of 84496620?
True
Is 497 a factor of 11609483?
False
Is 633497870 a multiple of 25?
False
Is 45551296 a multiple of 64?
True
Does 47 divide 177719549?
True
Does 833 divide 2367829156?
True
Does 690 divide 166079550?
True
Is 65266798 a multiple of 717?
False
Is 854 a factor of 40278910?
True
Does 10 divide 29913706?
False
Is 176264188 a multiple of 369?
False
Is 139254529 a multiple of 145?
False
Does 6 divide 183699459?
False
Does 843 divide 113026305?
False
Is 49239342 a multiple of 72?
False
Does 17 divide 2875669?
True
Is 222465016 a multiple of 943?
True
Is 2183 a factor of 18277448?
False
Does 154 divide 133659680?
True
Does 227 divide 1416531075?
True
Is 60964992 a multiple of 18?
True
Is 7967209 a multiple of 5?
False
Is 82261481 a multiple of 472?
False
Does 1141 divide 20598473?
True
Does 22 divide 157338698?
True
Is 22832504 a multiple of 8?
True
Is 406884029 a multiple of 333?
False
Is 93 a factor of 56490352?
False
Is 1124 a factor of 48935588?
True
Is 20 a factor of 3083838?
False
Is 23 a factor of 3985969?
True
Is 360309701 a multiple of 20?
False
Does 80 divide 565324?
False
Is 127899121 a multiple of 167?
True
Is 3313851030 a multiple of 210?
True
Does 1086 divide 5915442?
True
Does 1363 divide 1580562305?
False
Is 4 a factor of 24376672?
True
Is 30223508 a multiple of 14?
True
Does 4366 divide 2257344248?
True
Is 9 a factor of 1683320868?
True
Does 91 divide 45335768?
False
Is 183 a factor of 12832509?
True
Does 7 divide 170484363?
True
Is 659696152 a multiple of 34?
True
Is 18750696 a multiple of 332?
True
Is 1435 a factor of 21058625?
True
Is 4008 a factor of 2258788560?
True
Is 21167248 a multiple of 16?
True
Is 408760 a multiple of 220?
True
Is 3443 a factor of 181344254?
False
Is 134509649 a multiple of 1492?
False
Is 24 a factor of 978980424?
True
Is 1275 a factor of 601153777?
False
Does 14 divide 102490174?
False
Does 50 divide 441872?
False
Does 110 divide 73419593?
False
Is 193 a factor of 31705524?
False
Does 1067 divide 9351792?
False
Does 5 divide 2373545?
True
Is 259 a factor of 545906855?
False
Does 4 divide 22621472?
True
Is 12013868 a multiple of 281?
False
Is 547 a factor of 10296181?
True
Does 175 divide 4684010625?
True
Does 23 divide 1306288031?
False
Is 441 a factor of 21353973?
False
Does 4529 divide 19995535?
True
Is 11 a factor of 14364185?
True
Is 1920 a factor of 82862217?
False
Is 198 a factor of 72171493?
False
Is 27920932 a multiple of 26?
True
Is 26968641 a multiple of 417?
True
Is 11811200 a multiple of 40?
True
Does 65 divide 5904665?
True
Is 57599526 a multiple of 447?
True
Is 459993558 a multiple of 7?
False
Does 13 divide 191225437?
True
Does 646 divide 857274300?
True
Is 210462891 a multiple of 75?
False
Is 51 a factor of 277337745?
True
Is 51 a factor of 451722045?
True
Does 469 divide 31823995?
True
Does 65 divide 5599868?
False
Is 403 a factor of 83323071?
True
Is 9 a factor of 181846980?
True
Is 1316 a factor of 755297144?
True
Does 86 divide 62714640?
True
Does 5 divide 347919733?
False
Does 16 divide 21338978?
False
Is 27 a factor of 2928627?
False
Is 300 a factor of 79102896?
False
Is 12 a factor of 204329823?
False
Does 233 divide 1580652195?
True
Is 9089582 a multiple of 33?
False
Is 4177369015 a multiple of 10765?
True
Is 944416105 a multiple of 11706?
False
Is 1038 a factor of 117570108?
True
Does 135 divide 1250226765?
True
Is 37 a factor of 173604?
True
Is 37231080 a multiple of 3592?
True
Is 95 a factor of 2032497545?
True
Is 1794746419 a multiple of 479?
True
Is 74468305 a multiple of 506?
False
Is 229278370 a multiple of 742?
False
Does 7 divide 15085413?
True
Is 1111461229 a multiple of 8327?
False
Is 30839796 a multiple of 3?
True
Is 4556 a factor of 1050487269?
False
Is 7152564 a multiple of 37?
False
Is 157578816 a multiple of 12?
True
Does 18 divide 5179824?
True
Is 125 a factor of 525834875?
True
Is 614243354 a multiple of 914?
False
Is 17631078 a multiple of 267?
True
Does 1883 divide 52066937?
False
Is 157 a factor of 78591845?
True
Does 12 divide 373480440?
True
Is 44694597 a multiple of 18?
False
Is 44216550 a multiple of 675?
True
Is 1928510477 a multiple of 4602?
False
Does 764 divide 42233156?
True
Is 51406919 a multiple of 1055?
False
Does 116 divide 393693560?
True
Does 168 divide 43815936?
False
Is 3221 a factor of 1288822053?
False
Does 265 divide 30798594?
False
Is 235 a factor of 18480883?
False
Does 2185 divide 1924615824?
False
Is 38729889 a multiple of 14?
False
Is 2591632 a multiple of 40?
False
Is 68950442 a multiple of 8?
False
Does 19 divide 181325246?
True
Is 1212828 a multiple of 31?
False
Does 2513 divide 3317559824?
False
Does 12 divide 2308956?
True
Is 4945 a factor of 315319228?
False
Is 147 a factor of 68567392?
False
Is 362 a factor of 86348946?
True
Is 728550438 a multiple of 66?
True
Does 4 divide 31596?
True
Is 2775 a factor of 1794525900?
True
Is 28262171 a multiple of 16?
False
Is 7501086 a multiple of 6?
True
Is 32058754 a multiple of 206?
False
Does 74 divide 34639030?
True
Does 92 divide 171447060?
True
Does 3188 divide 449737580?
False
Does 15 divide 71514114?
False
Is 200 a factor of 38411800?
True
Is 65578084 a multiple of 169?
True
Is 32959200 a multiple of 3518?
False
Does 58 divide 43075383?
False
Does 146 divide 38022710?
False
Does 26 divide 62410239?
False
Does 4 divide 15582201?
False
Does 5 divide 18669455?
True
Is 611628618 a multiple of 17?
True
Is 21257315 a multiple of 88?
False
Does 2194 divide 59997357?
False
Is 16776980 a multiple of 22?
True
Is 7387 a factor of 1269692334?
True
Is 2969638 a multiple of 2?
True
Is 73 a factor of 90562340?
True
Does 1642 divide 2985156?
True
Is 5629440 a multiple of 733?
True
Does 2919 divide 450717049?
False
Is 4670224 a multiple of 208?
True
Is 74 a factor of 17613998?
True
Is 2083631711 a multiple of 2653?
True
Is 68 a factor of 13653924?
True
Is 3375 a factor of 3831698250?
True
Is 4292 a factor of 328784252?
False
Is 1425950731 a multiple of 51?
False
Does 2058 divide 4442443045?
False
Is 253373899 a multiple of 287?
False
Is 601891208 a multiple of 689?
False
Is 1484192553 a multiple of 4377?
True
Is 1518 a factor of 374592257?
False
Is 99 a factor of 177742620?
True
Is 58961796 a multiple of 3047?
False
Is 1086 a factor of 3358393?
False
Is 46 a factor of 1679368?
True
Is 1595416320 a multiple of 768?
True
Does 5108 divide 84010182?
False
Is 760791600 a multiple of 9070?
True
Is 743418956 a multiple of 55?
False
Is 1730506 a multiple of 677?
False
Is 43198364 a multiple of 34?
False
Does 280 divide 15084735?
False
Does 3018 divide 39556926?
True
Is 140973375 a multiple of 21?
False
Is 15 a factor of 121340273?
False
Does 3 divide 952134?
True
Is 192 a factor of 1087063488?
True
Does 5567 divide 299532435?
True
Is 57582693 a multiple of 777?
True
Is 22360207 a multiple of 19?
True
Is 4888274544 a multiple of 1707?
False
Is 11002733 a multiple of 413?
True
Is 53 a factor of 15659036?
False
Does 6 divide 300663400?
False
Does 25 divide 10874875?
True
Does 101 divide 926861244?
True
Is 215073016 a multiple of 3?
False
Is 317 a factor of 690728939?
False
Does 330 divide 675990498?
False
Is 246517930 a multiple of 307?
True
Does 46 divide 2103632440?
True
Does 1102 divide 30069610?
False
Is 8543 a factor of 1738355269?
True
Does 44 divide 54584546?
False
Is 80 a factor of 3769736114?
False
Is 4 a factor of 1941583?
False
Is 1601 a factor of 144181257?
True
Is 22 a factor of 33819896?
True
Does 6313 divide 563365807?
True
Is 35493551 a multiple of 2?
False
Does 300 divide 27620100?
True
Is 272955880 a multiple of 17?
False
Is 59391052 a multiple of 7?
True
Is 14827860 a multiple of 678?
True
Is 48 a factor of 2715278736?
True
Does 9 divide 242055919?
False
Is 99 a factor of 404670123?
True
Does 10 divide 33654841?
False
Is 762473859 a multiple of 147?
Tru